f 120/3 - (1 + g + -1)?
0
What is the hundreds digit of (-4)/(-12)*((-79628)/(-4) - -4)?
6
Suppose 0 = 6*j - 0*j - 132. Let r be -4 - (-1)/4*j*118. Suppose r = -42*n + 45*n. What is the tens digit of n?
1
Let m(j) = 20*j**3 - 26*j**2 + 20*j + 30. What is the hundreds digit of m(12)?
0
Let y(a) = -6 - 11*a + 97*a**3 - 3*a**2 - 96*a**3 - 5*a**2. What is the tens digit of y(13)?
9
Suppose -78*u - w + 9295 = -77*u, 0 = 2*u - 5*w - 18583. What is the tens digit of u?
9
Suppose -m = 1260 - 381. Let i = -612 - m. What is the tens digit of i?
6
Let x = -406 + 407. What is the tens digit of 1379/(2 - x) + (-12 - -7)?
7
Let x be ((2 - 5) + 19)*(-7)/(-14). Let m = 40 - x. What is the units digit of m?
2
Let a(c) = 1266*c - 3106. What is the hundreds digit of a(39)?
2
Let m(n) = n**2 - 30*n + 37. What is the units digit of m(41)?
8
Suppose -2*i + 4*s + 20 = -6, -2*i = 4*s - 66. Suppose p + 3146 = i*p. What is the hundreds digit of p?
1
Let y = -4877 + 10899. What is the units digit of y?
2
Let v = -27110 + 67896. What is the units digit of v?
6
Suppose 5*o = 5*t - 2330, t + 8*o - 454 = 5*o. Let u = 1123 - t. What is the units digit of u?
0
Let q = 226 - 222. Suppose 1897 = 4*v + 5*y, q*y = 4*v + 3*y - 1915. What is the units digit of v?
8
Let g = 3218 + 24808. What is the ten thousands digit of g?
2
Suppose -5*r + 5672 = -8363 - 12625. What is the tens digit of r?
3
What is the units digit of (-20 + 5)*(8 - 133574/21)?
0
Suppose 14*j - 98 = -2156. Let g = j - -333. What is the hundreds digit of g?
1
Suppose -5*t + 0*t - 2453 = 3*w, -2*t - 4*w = 984. Let f = t + 202. What is the hundreds digit of (3 - f) + 2/2*-1?
2
Let t = -18487 - -46911. What is the units digit of t?
4
Suppose 5*o + 116999 = 35*c + 2*o, -4 = -2*o. What is the tens digit of c?
4
Let v(c) = 275*c**3 + 65*c**2 - 435*c + 9. What is the hundreds digit of v(6)?
1
Let y(q) = q**3 - 16*q**2 + 18*q + 47. Let t be y(12). Let o = t - -446. What is the hundreds digit of o?
1
Let y(f) = f**3 - 7*f**2 - 2*f + 11. Let a be y(7). Let k(u) = -104*u + 41. What is the units digit of k(a)?
3
Suppose 4*h - 18 - 6 = 0. Suppose -h*v + 5845 - 781 = 0. Suppose 11*a = 443 + v. What is the hundreds digit of a?
1
Let t be 3*2/((-5)/((-635)/6)). Let w = 115 - t. Let u(a) = -a**3 - 11*a**2 + 10*a + 14. What is the tens digit of u(w)?
3
What is the tens digit of 15494/3*(-126)/(-84)?
4
Let f = 20 - 27. What is the units digit of (-36 + 1)/(100/(-14) - f)?
5
Let w = 42914 - -30189. What is the tens digit of w?
0
Let y(q) = -q**3 + 11*q**2 + 6*q - 57. Let s be y(11). Let z(x) = x**3 + 3*x**2 - 13*x + 11. What is the tens digit of z(s)?
6
Let i(m) = 109*m - 25. Let t be i(2). Let s = t - 31. What is the tens digit of s?
6
Let z be 7 - (-5 + 3 - 1). Let p(k) = k**3 - 11*k**2 + 12*k - 13. Let a be p(z). Let b(v) = -v**2 + 14*v - 8. What is the tens digit of b(a)?
4
Let d be 11/(550/20) + (-11193)/(-5). Let g = 3226 - d. What is the hundreds digit of g?
9
Let n = 130 + -132. What is the tens digit of (-3 + (-9)/n + -2)*-602?
0
Suppose -553*i - 282608 = -578*i + 227267. What is the tens digit of i?
9
Suppose -360 = -l + 4*x, 0*l + 3*l = 4*x + 1056. What is the hundreds digit of (l/(-10))/((-7)/(-280)*-6)?
2
Let r(j) be the second derivative of -4*j**3/3 + j**2/2 + 10*j. Let b(w) = -7*w + 1. Let z(y) = -4*b(y) + 6*r(y). What is the units digit of z(-2)?
2
Let i(p) = p + 4. Let b be i(-7). Let x be (-30)/(18/(-6)) - (6 - 2). What is the tens digit of (x - (-225)/35) + b/7?
1
Suppose 256807 = 2*a + 5*a - 110539. What is the thousands digit of a?
2
Suppose i = 5*q + 6739, 22*i - 19*i - 3*q - 20229 = 0. What is the units digit of i?
4
Let l(d) = 14*d**3 - 4*d**2 - 5*d - 4. Let p be l(4). Suppose 21*c = 17*c + p. What is the hundreds digit of c?
2
Let m = -165 - 7. What is the units digit of m/430 - (-1 - 3612/5)?
3
Suppose 732 = -5*u - 63. Let k = 46 - u. What is the tens digit of k?
0
Let i(t) = 2*t + 300. Let r = -273 + 233. What is the hundreds digit of i(r)?
2
Let z = 25357 - 20595. What is the units digit of z?
2
Let q = 58 - 54. Suppose 16 - q = 3*u. Suppose u*r - 5*f = -59 + 340, 2*r - 118 = -2*f. What is the tens digit of r?
6
Suppose 2*d = -4*o + 2*o + 28, -5*o - 4*d = -65. Suppose o*p - 45 = 450. What is the tens digit of p?
5
Let b be 602/21 + 1/3. Suppose 4*y - 54 = -2*f, -12 = 2*f + 2*y - 60. Let l = b + f. What is the units digit of l?
0
Let v(m) be the first derivative of 65*m**2/2 + 209*m + 171. What is the tens digit of v(10)?
5
Suppose 0 = -0*u - 37*u + 363398 - 117052. What is the thousands digit of u?
6
Let g(i) = i**3 + 10*i**2 + 5. Let d be g(-10). Suppose w + 127 = 6*j - 5*j, -639 = -d*j + 4*w. Suppose j = m + 36. What is the tens digit of m?
9
Let q be (2 + 57/(-6))/((-3)/3980). Suppose -q = -9*z - 3236. What is the hundreds digit of z?
7
Let r(s) = -20*s**3 - 17*s**2 - 59*s - 9. What is the thousands digit of r(-4)?
1
Suppose s = -2*d, 5*s + 15*d = 10*d + 5. Suppose -4*c + s*m = -2348, -4*m + 2921 = 5*c - 3*m. What is the units digit of c?
5
Let v(h) = h**3 - 4*h**2 + 4*h + 4. Suppose -7*g - 35 = 42. Let n = g + 14. What is the units digit of v(n)?
7
Let s = 133 + -129. Suppose -5*z + 0 = 2*p - 2, -3*z - 3*p - 6 = 0. Suppose 3*a - 524 = z*f - s*f, -2*a - 3*f = -346. What is the units digit of a?
6
Suppose 22 = -5*d + 22. Let s(c) = c**2 - 2*c + 145. What is the units digit of s(d)?
5
Let v(l) = -342*l - 16. Let p(i) = i**3 - 10*i**2 - 38*i - 15. Let g be p(13). What is the tens digit of v(g)?
6
Let r = 11 + 38. Suppose 5*k - 17 = 3, 0 = 5*l - 5*k + 25. What is the tens digit of (-25)/(-5)*(r + l + 1)?
4
Suppose 384*l - 388*l + 8 = 0. Suppose -2*v + 1206 = -3*n, l*n - 2390 = -4*v - 3*n. What is the hundreds digit of v?
6
Suppose -1790 = 23*v - 27*v - s, 2*v - 2*s = 890. What is the units digit of v?
7
Let x = -109 + 141. Suppose -3*w + 215 = x. What is the tens digit of w?
6
Suppose 11*x - 368188 - 398983 = 130099. What is the tens digit of x?
7
Suppose 8*h + 18 = 11*h. Suppose -h + 1 = -u. Suppose -p = -u*m - 42, p - 2*p + 2*m = -48. What is the tens digit of p?
5
What is the hundreds digit of (-47 - -42)*((-20)/4 + -18000)?
0
Let x(p) = 50*p**2 + 44*p - 159. What is the hundreds digit of x(8)?
3
Suppose -33*p + 0*p + 165 = 0. Suppose -3*i - 52*h = -54*h - 4645, 0 = -2*i + p*h + 3093. What is the tens digit of i?
4
Let w(l) = 73*l**2 + 4*l + 4. Let p(m) = -4*m - 13. Let b = -92 - -89. Let a be p(b). What is the units digit of w(a)?
3
Let y(m) = -9566*m - 228. What is the hundreds digit of y(-1)?
3
Let k(z) = z**3 + 13*z**2 + 9*z + 4. Let x be k(-11). Let f = x + -102. Suppose 2*n + n + f = 2*d, 0 = 3*d + 3*n - 105. What is the tens digit of d?
3
Suppose -5*j + 0*j - y = 4, 5*j + 3 = -2*y. What is the tens digit of (-3)/j - (-27 + -324)?
5
Suppose -4*z = 1 + 39. Let b = -6 - z. Suppose k - 147 = 5*g, -4*g - b = -0*g. What is the tens digit of k?
4
Let j(y) = 2049*y - 1476. What is the hundreds digit of j(27)?
8
Suppose -144*o + 2368327 = 69520 + 69687. What is the tens digit of o?
8
Let i be 8336/5 + 2/(-10). Let h(f) = 13 - 5 + 1677*f - i*f + 10. What is the hundreds digit of h(23)?
2
Suppose -98*j = -84*j - 8414. Suppose 0 = -4*d + 5*m + 1247, -j = -24*d + 22*d - 5*m. What is the hundreds digit of d?
3
Suppose 2*t - 10 = -x, -3*t + 6 = 2*x - 13. What is the thousands digit of (1/2)/(x/21424)?
1
Let f(m) = -34*m + 86. Let z be f(17). Let p = 1512 + z. What is the thousands digit of p?
1
Let b(c) be the second derivative of 9/2*c**2 + 0*c**3 + 7/12*c**4 - 11*c + 0. What is the hundreds digit of b(-4)?
1
Suppose 7*y = 23*y + 17360. Let z = y + 2102. What is the tens digit of z?
1
What is the units digit of (-46446)/(-18)*-3*(-6)/((-18)/(-15))?
5
Let m(j) = 61*j**2 - j + 2. Let d be 1/(39/(-12) + 3). Let w be (0 + 9)/(-3) - d. What is the units digit of m(w)?
2
Suppose 3507937 = -210*o + 12469897. What is the hundreds digit of o?
6
Let s = 32 + -30. Suppose -244 = s*i - 6*i. Let y = 112 + i. What is the units digit of y?
3
Suppose 5897 - 1025 = 7*u. Let l = 1285 - u. What is the tens digit of l?
8
Let v(g) = -g**3 + 105*g**2 + 122*g - 1802. What is the units digit of v(98)?
2
Let v = -201 - -141. Let n = 52 + v. What is the units digit of ((6/9)/1)/(n/(-1356))?
3
Suppose 0 = 33*z - 36*z + 6, 13 = 5*a -